the units digit of i(9)?
0
Let f be (-6)/9 + 2588/12. Let v be (f + -1)*7/2. Suppose -265 + v = 4*o. What is the hundreds digit of o?
1
Let i(r) = -r + 11. Let b be i(7). Let p(g) = g - 1. Let w be p(b). Suppose -74 = -w*u + z, -5*z + 0*z = 2*u - 21. What is the tens digit of u?
2
Let i(h) = 5*h**2 - 14*h + 23. Let j(q) = -q**2 - q - 1. Let f(k) = -i(k) - 4*j(k). Let t be f(13). Suppose y = 3*y - t. What is the tens digit of y?
2
Let p(q) = -2*q**3 + 43*q**2 - 22*q + 24. Let f be p(21). Suppose 5*k + 956 = -8*o + 12*o, -f*k + 500 = 2*o. What is the tens digit of o?
4
Let f(d) = d**2 + 10*d + 7. Let x(s) = 6*s - 52. Let l(m) = m**2 - 10*m - 17. Let w be l(12). Let k be x(w). What is the units digit of f(k)?
7
Let z(m) = -17*m**2 + 7*m - 2. Let q = 42 - 47. Let f(r) = 25*r**2 - 11*r + 3. Let j(k) = q*f(k) - 8*z(k). What is the tens digit of j(3)?
9
Let u = -93 - -96. Suppose -x - 18*t + 62 = -14*t, -2*t - 186 = -u*x. What is the tens digit of x?
6
Suppose -2*j + 18 = 4*j. Suppose j*u - 16 = -u. Suppose 0 = -u*p + 3*t + 392, 5*p = -2*t + t + 490. What is the tens digit of p?
9
Let j(y) = 399*y + 17. Suppose -46*u + 50*u = 8. What is the units digit of j(u)?
5
Suppose 5*z - 5*v = 145825, 108*z = 111*z - 5*v - 87493. What is the hundreds digit of z?
1
Suppose p - 2*a - 19151 = 0, -5*a = -11*p + 7*p + 76622. What is the tens digit of p?
6
Suppose 0 = -w - 5*q - 510, 3*q + 2*q = -3*w - 1550. Let o = w + 240. Let a = 406 + o. What is the tens digit of a?
2
Suppose 4*f = f - 504. Let u be 2 + f + -6*(-2)/6. Let k = 295 + u. What is the hundreds digit of k?
1
Suppose -5*f + 68 = -2*q, f + 85 = -3*q - 0*f. Let r = q - -55. What is the units digit of r?
6
Let y(c) be the second derivative of c**5/20 + 19*c**4/12 + 11*c**3/2 - 7*c**2/2 + 59*c. What is the units digit of y(-15)?
8
Let t(n) = 24 - 4988*n + 9930*n - 4961*n - n**3 + 9*n**2 + 9*n**2. Suppose 6 = 5*v + 2*w - 70, v + w - 14 = 0. What is the units digit of t(v)?
2
Let u(f) = -1908*f - 8096. What is the tens digit of u(-16)?
3
Suppose 4137 = -2*k - 5*h, -3*k + 847 = h + 7085. Let x = -1367 - k. What is the hundreds digit of x?
7
What is the hundreds digit of 14 + 28 + -24 - -58195?
2
Let p(j) = 3535*j**2 - 19*j + 37. What is the units digit of p(4)?
1
Let x(l) = -76*l + 24. Let w(m) = 25*m - 8. Let a(q) = -17*w(q) - 6*x(q). Suppose -11 = -d + u, -14*u = -5*d - 17*u + 7. What is the hundreds digit of a(d)?
1
Let d(p) = p**3 - 14*p**2 + 22*p - 10. Let g(n) = -2*n - 12. Let x be g(-13). What is the units digit of d(x)?
8
Suppose -b + 45*y + 12164 = 40*y, 3*b + 5*y = 36412. What is the units digit of b?
4
Let c = 2106 + 8636. What is the tens digit of c?
4
Suppose 34897 - 5562 = 5*j. What is the tens digit of j?
6
Let a(q) = 3*q**2 + 76*q - 566. What is the thousands digit of a(22)?
2
Let p(y) = -y**3 + 7*y**2 - 5*y - 14. Let h be p(6). Let v(w) = w**3 + 14*w**2 + 11*w. What is the tens digit of v(h)?
9
Suppose -3*h - 11304 = 15*h. Let v = -191 - h. What is the units digit of v?
7
Let u be (-6)/(-4)*(-152)/57. Let n(q) = -6*q**3 + 6*q**2 + 6*q + 4. Let i be n(u). Suppose -22*z + 18*z + i = 0. What is the tens digit of z?
1
Let t = -306 - -250. What is the units digit of 1/((-14)/(-3536)) - (-32)/t?
2
Let v(j) = j**2 + j + 1. Let a(r) = 55*r**2 - 3*r - 35. Let m(p) = a(p) + 6*v(p). What is the units digit of m(4)?
9
Suppose 3*c - 2*v = 18, -3*v - 6 = 3. Suppose -c*o + 4277 = 9*o. What is the units digit of o?
9
Let p(v) = 9*v**2 - 19*v + 57. Let n(f) = 4*f**2 - 9*f + 28. Let m(b) = 5*n(b) - 2*p(b). Suppose -37*a + 412 - 42 = 0. What is the units digit of m(a)?
6
Suppose -4*v + 19 = -5*z, -2*v - 36 = -z + 5*z. Let j(x) = x**3 + 7*x**2 - 8*x - 9. Let r be j(z). What is the tens digit of (r - (-3)/6*2) + 4?
5
Let i = -12646 - -23976. What is the thousands digit of i?
1
Suppose 5*l - 1231 = 16339. Suppose 0 = 19*g - 5*g - l. What is the units digit of g?
1
Suppose 3*h - 4*v - 200 - 135 = 0, -4*v = -5*h + 569. Let z = 119 - h. Suppose -4*r - 4*p = -796, z*r = -0*p - 5*p + 383. What is the units digit of r?
4
Suppose -2118 = -5*d - 168. Let q = d + -172. What is the units digit of q?
8
Let t = -12149 + 12292. Let o = 20 - 72. Let f = t - o. What is the units digit of f?
5
Let l(p) = -p**3 - 2*p**2 + p - 10. Let r be l(8). Let j be 2/(-2) - (-1)/((-3)/r). Suppose 2*x = -4*z + 840, -2*z + z + x = -j. What is the units digit of z?
1
Suppose 1668*n = 1663*n + 2*x + 357292, -5*x - 71463 = -n. What is the tens digit of n?
5
Let h(o) = 3*o**2 + 44*o - 15. Let s be h(-15). Suppose s = 2*c + 2*c + 3*q - 2571, q - 1 = 0. What is the units digit of c?
2
Suppose 41 = 4*d + 1. Let k be ((-1168)/20 + 2)/((-4)/d). Let h = k - -40. What is the tens digit of h?
8
Suppose -4*k - g = -1163, 171 + 116 = k - g. Let c = 795 - k. What is the tens digit of c?
0
Let t = 313 - 311. Let c(z) = 311*z - 38. What is the units digit of c(t)?
4
Suppose 0 = -3*s - 2*a + 36546 + 3767, 0 = -3*s + 3*a + 40338. What is the units digit of s?
1
Suppose -24 = -9*i + 5*i. Suppose -15 = 3*z, 1015 = 2*w + i*z - z. What is the hundreds digit of -1 - w/(16/(-4))?
1
Let f(v) = -2*v + 36. Suppose 0*z = z + 5*h - 23, -5*h = 5*z - 195. Let o = z + -43. What is the units digit of f(o)?
6
Let y(a) = 7*a**3 + 33*a**2 - 956*a - 170. What is the ten thousands digit of y(19)?
4
Let k(l) = l**3 + 17*l**2 - 8*l + 50. Let f be k(-13). Suppose 5*n + 5*c = f, 4*c + 700 = 5*n - 121. What is the hundreds digit of n?
1
Suppose -39*k = -256 - 602. Let g(a) = 64*a - 241. What is the units digit of g(k)?
7
Let q = -66753 + 119463. What is the hundreds digit of q?
7
Let y(w) = -w**3 - 13*w**2 + 26*w - 53. What is the tens digit of y(-19)?
1
Let r = 14212 - -10057. What is the thousands digit of r?
4
Let x = -971 + 563. Let o(s) = s**3 - s**2 + s + 2. Let h be o(0). What is the tens digit of ((-6)/(4 - -8))/(h/x)?
0
Suppose 552*f - 553*f = -258. What is the hundreds digit of (-37)/(f/(-32) - -8)?
5
Suppose 7*s = 39845 + 77587. What is the hundreds digit of s?
7
What is the thousands digit of 18705 - (910/221 + -4 - (-104)/(-17))?
8
Suppose -205 - 700 = 5*y. Let r = y - -678. What is the tens digit of (-12)/(r/(-1386) + (-4)/(-18))?
8
Let m = -13978 + 59263. What is the ten thousands digit of m?
4
Let x = 48 - 35. Suppose 11*c - x*c + 208 = 0. What is the tens digit of c?
0
Suppose 8*g = 23*g - 3870. Let t = -184 + g. What is the tens digit of t?
7
Suppose -3*i = -3*t, -3*t - 11 = 4*i - 46. Suppose 0 = -3*n + i*x + 2156, -2*n + 1634 = -4*x + 198. What is the hundreds digit of n?
7
Suppose 2*b + v + 0*v + 274 = 0, 0 = 4*v. Let w = b - -284. What is the hundreds digit of w?
1
Let f(w) = w**3 + w**2 + w + 1. Let b(d) = d**2 + 9 - 31 - 5*d**3 - 2*d**3 - 18*d**2 - 17*d. Let k(t) = -b(t) - 6*f(t). What is the units digit of k(-8)?
0
Let q(g) = 9*g**2 - 21*g + 225. What is the hundreds digit of q(-26)?
8
Let x(t) be the second derivative of -t**4/12 + 5*t**3/3 - 3*t**2/2 + 15*t. Let l be x(8). What is the units digit of (1 - 3)*7*l/(-2)?
1
Suppose 5*r - 70596 = 8514. What is the tens digit of r/22 + (-12)/66?
1
Let z(h) = -2*h**3 + 69*h**2 - 34*h. Let i be z(34). Suppose 0*s - 3*s + 3*t = -135, i = -5*s + 4*t + 221. What is the tens digit of s?
4
Let p(h) = -9*h - 34. Let z be 208/(-13)*2/(-4). Suppose -6*w = -z*w - 24. What is the units digit of p(w)?
4
Suppose 3 = 4*x - 5*h, -h = -3*x + 4*x - 3. Suppose -x*j - 4*j = -432. What is the tens digit of (j/(-15) - 0)/((-18)/480)?
2
Let g(r) = 4*r**2 - 2*r - 121. Let j(n) = 8*n**2 - 5*n - 241. Let h(s) = 7*g(s) - 3*j(s). What is the tens digit of h(-15)?
6
Let g = 31585 + -14503. What is the units digit of g?
2
Suppose -2*r = 4*g - 6, g - 1 = -0. Let x be 5 + r/(3/9). Suppose u - 186 = -a, -5*u - x + 576 = 3*a. What is the hundreds digit of a?
1
Let s(f) = f**2 - 23*f - 30. Let m be s(25). Suppose 3*a - 23*d = -m*d + 2652, 4455 = 5*a + 2*d. What is the units digit of a?
9
Let c be ((-1)/1)/8 - (-615175)/440. Let q = -929 + c. What is the units digit of q?
9
Let o = 47 + -47. Let y be o*((-6)/9 - -1). Suppose 2*i - 18 = -2*t - y*i, 3*i = 5*t - 21. What is the units digit of t?
6
Let c = 57 + -53. Suppose 0 = w + 2*y - 311, 2*y + 1214 = c*w + 4*y. What is the hundreds digit of w?
3
Let k(n) be the first derivative of -n**2/2 - 23*n - 2